hat is 0 - 1033?
-1033
In base 6, what is 41 - 3?
34
In base 2, what is 0 + -1010100?
-1010100
In base 15, what is -c4b - -2?
-c49
In base 7, what is 5415 - -2?
5420
In base 16, what is 11 - -e?
1f
In base 3, what is 110 + -2010?
-1200
In base 3, what is 221 + -2222?
-2001
In base 12, what is -141 - -1?
-140
In base 7, what is -5 - 31?
-36
In base 9, what is 10 - -1023?
1033
In base 2, what is 100011111 + -11?
100011100
In base 2, what is -10 - -111110001?
111101111
In base 15, what is 12 - 6?
b
In base 11, what is 17 + 28?
44
In base 3, what is -121 - 11212?
-12110
In base 13, what is -2 + -5a?
-5c
In base 12, what is 27 + 100?
127
In base 8, what is 23 - 14?
7
In base 2, what is -101111101 + -10?
-101111111
In base 10, what is -2 + 416?
414
In base 8, what is -225 + 25?
-200
In base 4, what is 2 - 23201?
-23133
In base 6, what is -10 - -445?
435
In base 11, what is -2541 + -2?
-2543
In base 3, what is 21 + 212101?
212122
In base 7, what is -3 - 3141?
-3144
In base 14, what is 531 - 1?
530
In base 7, what is 1 - -5006?
5010
In base 3, what is -21201 - -220?
-20211
In base 14, what is 16 + -9?
b
In base 7, what is 2 - -610?
612
In base 8, what is 0 - 102?
-102
In base 2, what is -10 + 11100110?
11100100
In base 12, what is -46 - b?
-55
In base 11, what is 19 - 22?
-4
In base 7, what is -2 + 6443?
6441
In base 4, what is -20313 - 1?
-20320
In base 8, what is 46 - -70?
136
In base 10, what is -1108 + -7?
-1115
In base 3, what is -1011221 - 2?
-1012000
In base 6, what is -123412 + 0?
-123412
In base 10, what is 20 + 3?
23
In base 9, what is 207 + 1?
208
In base 11, what is 665 + 1?
666
In base 2, what is 11 - 1001010?
-1000111
In base 9, what is -8755 + -3?
-8758
In base 5, what is -201 + 300?
44
In base 15, what is -2922 - -2?
-2920
In base 4, what is 32 + 1?
33
In base 8, what is 653 + -3?
650
In base 5, what is -4 - -1401?
1342
In base 12, what is 40 + -9?
33
In base 4, what is 1002 + 20?
1022
In base 14, what is -c + -36?
-44
In base 7, what is -1263 - -2?
-1261
In base 8, what is 2 + 45?
47
In base 2, what is 10 + 11100000?
11100010
In base 10, what is 147 - -20?
167
In base 9, what is -38 - -6?
-32
In base 14, what is -717 - 1?
-718
In base 2, what is 101 + -1011001111?
-1011001010
In base 16, what is -9e + 1?
-9d
In base 8, what is -41 - 251?
-312
In base 3, what is 12 - 11000210?
-11000121
In base 5, what is 10412 - -4?
10421
In base 13, what is -44 - -cc?
88
In base 13, what is 36a + 5?
372
In base 14, what is 5 + -38d?
-388
In base 10, what is 72 + -1?
71
In base 14, what is -48 + 12?
-36
In base 9, what is 32777 + -1?
32776
In base 3, what is 1011 - 1112?
-101
In base 9, what is -16 + -614?
-631
In base 11, what is -a8 + -5?
-102
In base 10, what is 690 - -1?
691
In base 2, what is 1111111 + 101?
10000100
In base 8, what is -4 + 550?
544
In base 10, what is 1 - -50?
51
In base 11, what is -8 - 10a5?
-1102
In base 8, what is 13 + 16?
31
In base 10, what is -3 + -141?
-144
In base 9, what is -183 + -2?
-185
In base 10, what is -4 - 616?
-620
In base 12, what is -1010 + 3?
-1009
In base 16, what is -a5d - 1?
-a5e
In base 3, what is 2 + 112100?
112102
In base 14, what is -4c - 0?
-4c
In base 2, what is -10 - 11010111?
-11011001
In base 2, what is -100011111010 + 1?
-100011111001
In base 4, what is 1 + 332?
333
In base 14, what is 9d - -2?
a1
In base 6, what is 20430 - 2?
20424
In base 16, what is 45 - 9?
3c
In base 9, what is -12 + 1388?
1376
In base 6, what is 1 + -133?
-132
In base 8, what is 0 - 232?
-232
In base 16, what is -f - -c?
-3
In base 9, what is 370 + 10?
380
In base 12, what is 5a + 5?
63
In base 6, what is 4142 + -4?
4134
In base 11, what is -a59 + 1?
-a58
In base 4, what is -202030 + 3?
-202021
In base 8, what is 12 + 30?
42
In base 15, what is 3 - 13d?
-13a
In base 11, what is 3 - 73?
-70
In base 16, what is e + -182?
-174
In base 6, what is 1 + -14234?
-14233
In base 15, what is -77 + -40?
-b7
In base 10, what is -4 - 120?
-124
In base 7, what is 3 + -202?
-166
In base 11, what is -20 + 3?
-18
In base 11, what is 626 - 1?
625
In base 14, what is 1 - 11b?
-11a
In base 13, what is -12c - -6?
-126
In base 2, what is 1010001000 + 101?
1010001101
In base 15, what is 26a - 4?
266
In base 8, what is -24 - -2?
-22
In base 13, what is 80 - -3?
83
In base 2, what is 10 - 11100?
-11010
In base 14, what is -47 + 9?
-3c
In base 15, what is -6 + -6c?
-73
In base 15, what is -3d0 - -13?
-3bc
In base 14, what is 0 + -2cc?
-2cc
In base 15, what is d6 - 9?
cc
In base 5, what is 14 + 1?
20
In base 9, what is -3 - -136?
133
In base 9, what is 4 - -37?
42
In base 7, what is 53 - 3?
50
In base 13, what is -67 + -5?
-6c
In base 6, what is 3 + -13435?
-13432
In base 9, what is -477 + 0?
-477
In base 13, what is -2 - 89?
-8b
In base 8, what is -203 - -57?
-124
In base 2, what is 10111000 - 11?
10110101
In base 6, what is 12 - 441?
-425
In base 14, what is 98a + 4?
990
In base 12, what is -7351 + -2?
-7353
In base 16, what is 5c - -1?
5d
In base 4, what is -2132102 - -3?
-2132033
In base 3, what is -110 + 101?
-2
In base 12, what is 2a - -a?
38
In base 11, what is -7 + -66?
-72
In base 6, what is -4 + -2440?
-2444
In base 3, what is -20 - 112010?
-112100
In base 11, what is -32 + -1?
-33
In base 7, what is 5 + -226?
-221
In base 5, what is 11 - -34013?
34024
In base 14, what is -1b - 19?
-36
In base 5, what is 4220 - 2?
4213
In base 9, what is -531 + -2?
-533
In base 4, what is 200323 - 22?
200301
In base 15, what is -5 - 99?
-9e
In base 5, what is -2 - 23432?
-23434
In base 14, what is -bb + -5?
-c2
In base 8, what is -3153 + -2?
-3155
In base 12, what is 0 + 80?
80
In base 4, what is -2311 + 112?
-2133
In base 16, what is -49a - 3?
-49d
In base 9, what is -878 + -2?
-881
In base 9, what is -21 - 182?
-213
In base 4, what is 11 + -1332?
-1321
In base 6, what is 1 - -50?
51
In base 14, what is 4 + -12d?
-129
In base 10, what is 638 - 0?
638
In base 14, what is 1342 - -3?
1345
In base 9, what is 5 - -126?
132
In base 13, what is 14 - -7?
1b
In base 11, what is 91 + 1?
92
In base 16, what is -4 - -984?
980
In base 16, what is -12 - -15?
3
In base 10, what is 6 + 32?
38
In base 7, what is 163 + 5?
201
In base 3, what is -11 + -21202?
-21220
In base 10, what is -9 - -112?
103
In base 16, what is 14f + -2?
14d
In base 7, what is -2 + -4532?
-4534
In base 11, what is -3 - 11?
-14
In base 15, what is 8 - d?
-5
In base 10, what is -1 - 61?
-62
In base 3, what is 12 + 21202?
21221
In base 12, what is b - 16b?
-160
In base 8, what is -370 - 2?
-372
In base 15, what is -738 - 2?
-73a
In base 4, what is 2321 - 3?
2312
In base 6, what is 3 - -203?
210
In base 3, what is 2012111 - 11?
2012100
In base 8, what is 77 + -11?
66
In base 5, what is 124 + -2?
122
In base 13, what is 196 - 19?
17a
In base 5, what is 22 - -24?
101
In base 2, what is 110 - 1?
101
In base 9, what is 412 - 1?
411
In base 6, what is 0 - -112?
112
In base 10, what is -9 + 82?
73
In base 15, what is 6 - -57?
5d
In base 5, what is -420 + 1?
-414
In base 15, what is -11 - -33?
22
In base 2, what is 100101110111000 - 10?
100101110110110
In base 14, what is 133 + -5?
12c
In base 3, what is -1000111 - 10?
-1000121
In base 10, what is 4 + -170?
-166
In base 14, what is 1 + 2a2?
2a3
In base 2, what is -101010000 - -11?
-101001101
In base 9, what is 5 - -7876?
7882
In base 14, what is -1 - -113?
112
In base 5, what is 110043 + -2?
110041
In base 15, what is -28 - 8?
-31
In base 11, what is -633 + 4?
-62a
In base 14, what is -15 - 9?
-20
In base 9, what is 4814 + -3?
4811
In base 8, what is 306 + -1?
305
In base 12, what is -4 - a?
-12
In base 7, what is 46 + 61?
140
In base 13, what is -6 + 68?
62
In base 6, what is 5 + -31?
-22
In base 4, what is -111 - -212?
101
In base 10, what is 10 - 16?
-6
In base 6, what is 0 - 125?
-125
In base 11, what is 47 + -2?
45
In base 5, what is -44 - -11131?
11032
In base 16, what is 1 + 17a?
17b
In base 8, what is 6422 + -2?
6420
In base 2, what is 11 - 1000110011?
-1000110000
In base 10, what is -7 + 80?
73
In base 8, what is 430 + -1?
427
In base 2, what is -110011111 - 0?
-110011111
In base 3, what is -12 + -101?
-120
In base 6, what is 112 - 1015?
-503
In base 8, what is 15 - 363?
-346
In base 11, what is -4 - -483?
47a
In base 15, what is -50 - 33?
-83
In 